{"id":31,"date":"2020-03-06T10:39:53","date_gmt":"2020-03-06T08:39:53","guid":{"rendered":"https:\/\/teatterihirvenpaa.fi\/?page_id=31"},"modified":"2026-03-20T19:27:18","modified_gmt":"2026-03-20T17:27:18","slug":"liput","status":"publish","type":"page","link":"https:\/\/teatterihirvenpaa.fi\/?page_id=31","title":{"rendered":"Liput"},"content":{"rendered":"\n<p class=\"has-medium-font-size\">Aikuiset 20\u20ac<\/p>\n\n\n\n<p class=\"has-medium-font-size\">Lapset(alle 15v.) 15\u20ac<\/p>\n\n\n\n<p class=\"has-medium-font-size\">Alle 3-vuotiaat 0\u20ac<\/p>\n\n\n\n<p class=\"has-medium-font-size\">Ryhm\u00e4alennus yli 10 hengen ryhmille -10%<\/p>\n\n\n\n<p class=\"has-medium-font-size\">Soita ja varaa liput n\u00e4yt\u00f6kseen numerosta: <strong>0440 662 610<\/strong> tai s\u00e4hk\u00f6postilla: lipunmyynti@teatterihirvenpaa.fi<\/p>\n\n\n\n<p class=\"has-medium-font-size\">Varaukset lunastettava 15min. ennen n\u00e4yt\u00f6ksen alkua! Suljemme lipunmyynniin n.5min. ennen kuin n\u00e4yt\u00f6s alkaa<strong>.<\/strong> <\/p>\n\n\n\n<p class=\"has-medium-font-size\">Liput voi maksaa k\u00e4teisell\u00e4 sek\u00e4 yleisimmill\u00e4 pankki-ja luottokorteilla. <\/p>\n\n\n\n<p class=\"has-medium-font-size\">Kes\u00e4n n\u00e4yt\u00f6kset esit\u00e4mme <strong>Vampulassa Mets\u00e4pirtill\u00e4<\/strong>(os. Salmenojantie 241 32610 Vampula). Katsomo on sek\u00e4 sis\u00e4ll\u00e4 ett\u00e4 ulkona 100-paikkainen. Selk\u00e4nojalliset tuolit ja ulkona nouseva katsomo, ilman katetta. Esteet\u00f6n kulku katsomoihin. Ulkovessat. Sis\u00e4tiloissa puffetti.<\/p>\n\n\n\n<p><\/p>\n\n\n\n<p><strong>Studioteatteri (vanha meijeri)<\/strong>: Nousevan katsomon koko on 40 paikkaa. Teatteri sijaitsee osoitteessa Meijerintie 1A (2. kerros), 32700 HUITTINEN<\/p>\n\n\n\n<p><\/p>\n\n\n\n<p><\/p>\n\n\n\n<p><\/p>\n\n\n\n<p><\/p>\n\n\n\n<div class=\"wp-block-button is-style-fill aligncenter\"><a class=\"wp-block-button__link has-very-light-gray-color has-vivid-cyan-blue-background-color has-text-color has-background wp-element-button\" href=\"https:\/\/www.facebook.com\/teatterihirvenpaa\/\">Facebook<\/a><\/div>\n\n\n\n<p><\/p>\n","protected":false},"excerpt":{"rendered":"<p>Aikuiset 20\u20ac Lapset(alle 15v.) 15\u20ac Alle 3-vuotiaat 0\u20ac Ryhm\u00e4alennus yli 10 hengen ryhmille -10% Soita ja varaa liput n\u00e4yt\u00f6kseen numerosta: 0440 662 610 tai s\u00e4hk\u00f6postilla: lipunmyynti@teatterihirvenpaa.fi Varaukset lunastettava 15min. ennen n\u00e4yt\u00f6ksen alkua! Suljemme lipunmyynniin n.5min. ennen kuin n\u00e4yt\u00f6s alkaa. Liput voi maksaa k\u00e4teisell\u00e4 sek\u00e4 yleisimmill\u00e4 pankki-ja luottokorteilla. Kes\u00e4n n\u00e4yt\u00f6kset esit\u00e4mme Vampulassa Mets\u00e4pirtill\u00e4(os. Salmenojantie 241 32610 [&hellip;]<\/p>\n","protected":false},"author":5,"featured_media":0,"parent":0,"menu_order":0,"comment_status":"closed","ping_status":"closed","template":"","meta":{"_monsterinsights_skip_tracking":false,"_monsterinsights_sitenote_active":false,"_monsterinsights_sitenote_note":"","_monsterinsights_sitenote_category":0,"site-sidebar-layout":"default","site-content-layout":"default","ast-site-content-layout":"default","site-content-style":"default","site-sidebar-style":"default","ast-global-header-display":"","ast-banner-title-visibility":"","ast-main-header-display":"","ast-hfb-above-header-display":"","ast-hfb-below-header-display":"","ast-hfb-mobile-header-display":"","site-post-title":"","ast-breadcrumbs-content":"","ast-featured-img":"","footer-sml-layout":"","ast-disable-related-posts":"","theme-transparent-header-meta":"default","adv-header-id-meta":"","stick-header-meta":"","header-above-stick-meta":"","header-main-stick-meta":"","header-below-stick-meta":"","astra-migrate-meta-layouts":"set","ast-page-background-enabled":"default","ast-page-background-meta":{"desktop":{"background-color":"","background-image":"","background-repeat":"repeat","background-position":"center center","background-size":"auto","background-attachment":"scroll","background-type":"","background-media":"","overlay-type":"","overlay-color":"","overlay-opacity":"","overlay-gradient":""},"tablet":{"background-color":"","background-image":"","background-repeat":"repeat","background-position":"center center","background-size":"auto","background-attachment":"scroll","background-type":"","background-media":"","overlay-type":"","overlay-color":"","overlay-opacity":"","overlay-gradient":""},"mobile":{"background-color":"","background-image":"","background-repeat":"repeat","background-position":"center center","background-size":"auto","background-attachment":"scroll","background-type":"","background-media":"","overlay-type":"","overlay-color":"","overlay-opacity":"","overlay-gradient":""}},"ast-content-background-meta":{"desktop":{"background-color":"var(--ast-global-color-5)","background-image":"","background-repeat":"repeat","background-position":"center center","background-size":"auto","background-attachment":"scroll","background-type":"","background-media":"","overlay-type":"","overlay-color":"","overlay-opacity":"","overlay-gradient":""},"tablet":{"background-color":"var(--ast-global-color-5)","background-image":"","background-repeat":"repeat","background-position":"center center","background-size":"auto","background-attachment":"scroll","background-type":"","background-media":"","overlay-type":"","overlay-color":"","overlay-opacity":"","overlay-gradient":""},"mobile":{"background-color":"var(--ast-global-color-5)","background-image":"","background-repeat":"repeat","background-position":"center center","background-size":"auto","background-attachment":"scroll","background-type":"","background-media":"","overlay-type":"","overlay-color":"","overlay-opacity":"","overlay-gradient":""}},"footnotes":""},"class_list":["post-31","page","type-page","status-publish","hentry"],"_links":{"self":[{"href":"https:\/\/teatterihirvenpaa.fi\/index.php?rest_route=\/wp\/v2\/pages\/31","targetHints":{"allow":["GET"]}}],"collection":[{"href":"https:\/\/teatterihirvenpaa.fi\/index.php?rest_route=\/wp\/v2\/pages"}],"about":[{"href":"https:\/\/teatterihirvenpaa.fi\/index.php?rest_route=\/wp\/v2\/types\/page"}],"author":[{"embeddable":true,"href":"https:\/\/teatterihirvenpaa.fi\/index.php?rest_route=\/wp\/v2\/users\/5"}],"replies":[{"embeddable":true,"href":"https:\/\/teatterihirvenpaa.fi\/index.php?rest_route=%2Fwp%2Fv2%2Fcomments&post=31"}],"version-history":[{"count":22,"href":"https:\/\/teatterihirvenpaa.fi\/index.php?rest_route=\/wp\/v2\/pages\/31\/revisions"}],"predecessor-version":[{"id":870,"href":"https:\/\/teatterihirvenpaa.fi\/index.php?rest_route=\/wp\/v2\/pages\/31\/revisions\/870"}],"wp:attachment":[{"href":"https:\/\/teatterihirvenpaa.fi\/index.php?rest_route=%2Fwp%2Fv2%2Fmedia&parent=31"}],"curies":[{"name":"wp","href":"https:\/\/api.w.org\/{rel}","templated":true}]}}