{"id":29,"date":"2020-03-06T10:39:27","date_gmt":"2020-03-06T08:39:27","guid":{"rendered":"https:\/\/teatterihirvenpaa.fi\/?page_id=29"},"modified":"2026-04-17T11:51:04","modified_gmt":"2026-04-17T08:51:04","slug":"ohjelmistossa-nyt","status":"publish","type":"page","link":"https:\/\/teatterihirvenpaa.fi\/?page_id=29","title":{"rendered":"Tulossa"},"content":{"rendered":"\n<h2 class=\"wp-block-heading has-text-align-center has-x-large-font-size\">Kes\u00e4ll\u00e4 2026<\/h2>\n\n\n\n<div class=\"wp-block-columns is-layout-flex wp-container-core-columns-is-layout-28f84493 wp-block-columns-is-layout-flex\">\n<div class=\"wp-block-column is-layout-flow wp-block-column-is-layout-flow\"><\/div>\n\n\n\n<div class=\"wp-block-column is-layout-flow wp-block-column-is-layout-flow\">\n<figure class=\"wp-block-image aligncenter size-large\"><img loading=\"lazy\" decoding=\"async\" width=\"822\" height=\"1024\" src=\"https:\/\/teatterihirvenpaa.fi\/wp-content\/uploads\/2026\/03\/Screenshot_20260320-191238-822x1024.png\" alt=\"\" class=\"wp-image-865\" srcset=\"https:\/\/teatterihirvenpaa.fi\/wp-content\/uploads\/2026\/03\/Screenshot_20260320-191238-822x1024.png 822w, https:\/\/teatterihirvenpaa.fi\/wp-content\/uploads\/2026\/03\/Screenshot_20260320-191238-241x300.png 241w, https:\/\/teatterihirvenpaa.fi\/wp-content\/uploads\/2026\/03\/Screenshot_20260320-191238-768x956.png 768w, https:\/\/teatterihirvenpaa.fi\/wp-content\/uploads\/2026\/03\/Screenshot_20260320-191238.png 1080w\" sizes=\"auto, (max-width: 822px) 100vw, 822px\" \/><\/figure>\n<\/div>\n\n\n\n<div class=\"wp-block-column is-layout-flow wp-block-column-is-layout-flow\"><\/div>\n<\/div>\n\n\n\n<div class=\"wp-block-columns is-layout-flex wp-container-core-columns-is-layout-28f84493 wp-block-columns-is-layout-flex\">\n<div class=\"wp-block-column is-layout-flow wp-block-column-is-layout-flow\">\n<p class=\"has-text-align-left\">Teatteri Hirvenp\u00e4\u00e4 t\u00e4ytt\u00e4\u00e4 t\u00e4n\u00e4 vuonna 40 vuotta! Teatterimme on siis tullut<br>keski-ik\u00e4\u00e4n!<br>Ja keski-i\u00e4ss\u00e4h\u00e4n sit\u00e4 usein alkaa &#8211; niin ihmisp\u00e4\u00e4 kuin Hirvenp\u00e4\u00e4kin &#8211; pohtia<br>syvemmin omaa toimintaansa, omaa paikkaansa maailmassa ja ylip\u00e4\u00e4t\u00e4\u00e4n<br>suhdettaan kaikkeen ymp\u00e4r\u00f6iv\u00e4\u00e4n.<br>Teatteri Hirvenp\u00e4\u00e4 valmistaakin kes\u00e4lle 2026 JUHLAN\u00c4YTELM\u00c4N 40-<br>vuotisp\u00e4iviens\u00e4 kunniaksi! Juhlaan onkin aihetta monella tavalla, kun Teatteri<br>Hirvenp\u00e4\u00e4n n\u00e4yttelij\u00e4seurue on saanut ohjaajikseen teatteritaiteen moniottelijat<br>ja rautaiset ammattilaiset: teatteriohjaaja, teatteritaiteen tohtori Mikko<br>Bredenbergin ja nukketeatteritaiteilija Mira Taussin!<\/p>\n\n\n\n<p class=\"has-text-align-left\">Teatteri Hirvenp\u00e4\u00e4n n\u00e4yttelij\u00e4seurue on ottanut kunnianhimoiseksi<br>tavoitteekseen perehdytt\u00e4\u00e4 t\u00e4m\u00e4n vasta aivan hiljattain paikkakunnalle<br>muuttaneen taiteilijapariskunnan Huittislaisuuden saloihin: paikkakunnan<br>omalaatuiseen historiaan, paikkakunnan ihmisten sisimp\u00e4\u00e4n mielenmaisemaan,<br>metsien ja peltojen lumoihin ja autioiden katujen arvoituksiin!<br>T\u00e4m\u00e4n puoli vuotta kest\u00e4v\u00e4n perehdytysjakson tuloksena syntyy kukkeimpaan<br>kes\u00e4\u00e4n JUHLAN\u00c4YTELM\u00c4! T\u00e4llainen n\u00e4ytelm\u00e4 voi synty\u00e4 vain Hirvenp\u00e4\u00e4st\u00e4! Nyt<br>on kuulkaa jotain mit\u00e4 odottaa!<\/p>\n<\/div>\n<\/div>\n\n\n\n<div class=\"wp-block-group alignwide is-layout-flow wp-block-group-is-layout-flow\"><div class=\"wp-block-group__inner-container\">\n<p><strong>Esitykset Mets\u00e4pirtill\u00e4, Salmenojantie 241 32610 Vampula<\/strong><\/p>\n<\/div><\/div>\n","protected":false},"excerpt":{"rendered":"<p>Kes\u00e4ll\u00e4 2026 Teatteri Hirvenp\u00e4\u00e4 t\u00e4ytt\u00e4\u00e4 t\u00e4n\u00e4 vuonna 40 vuotta! Teatterimme on siis tullutkeski-ik\u00e4\u00e4n!Ja keski-i\u00e4ss\u00e4h\u00e4n sit\u00e4 usein alkaa &#8211; niin ihmisp\u00e4\u00e4 kuin Hirvenp\u00e4\u00e4kin &#8211; pohtiasyvemmin omaa toimintaansa, omaa paikkaansa maailmassa ja ylip\u00e4\u00e4t\u00e4\u00e4nsuhdettaan kaikkeen ymp\u00e4r\u00f6iv\u00e4\u00e4n.Teatteri Hirvenp\u00e4\u00e4 valmistaakin kes\u00e4lle 2026 JUHLAN\u00c4YTELM\u00c4N 40-vuotisp\u00e4iviens\u00e4 kunniaksi! Juhlaan onkin aihetta monella tavalla, kun TeatteriHirvenp\u00e4\u00e4n n\u00e4yttelij\u00e4seurue on saanut ohjaajikseen teatteritaiteen moniottelijatja rautaiset ammattilaiset: [&hellip;]<\/p>\n","protected":false},"author":5,"featured_media":0,"parent":0,"menu_order":0,"comment_status":"closed","ping_status":"closed","template":"","meta":{"_monsterinsights_skip_tracking":false,"_monsterinsights_sitenote_active":false,"_monsterinsights_sitenote_note":"","_monsterinsights_sitenote_category":0,"site-sidebar-layout":"default","site-content-layout":"default","ast-site-content-layout":"default","site-content-style":"default","site-sidebar-style":"default","ast-global-header-display":"","ast-banner-title-visibility":"","ast-main-header-display":"","ast-hfb-above-header-display":"","ast-hfb-below-header-display":"","ast-hfb-mobile-header-display":"","site-post-title":"","ast-breadcrumbs-content":"","ast-featured-img":"","footer-sml-layout":"","ast-disable-related-posts":"","theme-transparent-header-meta":"default","adv-header-id-meta":"","stick-header-meta":"","header-above-stick-meta":"","header-main-stick-meta":"","header-below-stick-meta":"","astra-migrate-meta-layouts":"set","ast-page-background-enabled":"default","ast-page-background-meta":{"desktop":{"background-color":"","background-image":"","background-repeat":"repeat","background-position":"center center","background-size":"auto","background-attachment":"scroll","background-type":"","background-media":"","overlay-type":"","overlay-color":"","overlay-opacity":"","overlay-gradient":""},"tablet":{"background-color":"","background-image":"","background-repeat":"repeat","background-position":"center center","background-size":"auto","background-attachment":"scroll","background-type":"","background-media":"","overlay-type":"","overlay-color":"","overlay-opacity":"","overlay-gradient":""},"mobile":{"background-color":"","background-image":"","background-repeat":"repeat","background-position":"center center","background-size":"auto","background-attachment":"scroll","background-type":"","background-media":"","overlay-type":"","overlay-color":"","overlay-opacity":"","overlay-gradient":""}},"ast-content-background-meta":{"desktop":{"background-color":"var(--ast-global-color-5)","background-image":"","background-repeat":"repeat","background-position":"center center","background-size":"auto","background-attachment":"scroll","background-type":"","background-media":"","overlay-type":"","overlay-color":"","overlay-opacity":"","overlay-gradient":""},"tablet":{"background-color":"var(--ast-global-color-5)","background-image":"","background-repeat":"repeat","background-position":"center center","background-size":"auto","background-attachment":"scroll","background-type":"","background-media":"","overlay-type":"","overlay-color":"","overlay-opacity":"","overlay-gradient":""},"mobile":{"background-color":"var(--ast-global-color-5)","background-image":"","background-repeat":"repeat","background-position":"center center","background-size":"auto","background-attachment":"scroll","background-type":"","background-media":"","overlay-type":"","overlay-color":"","overlay-opacity":"","overlay-gradient":""}},"footnotes":""},"class_list":["post-29","page","type-page","status-publish","hentry"],"_links":{"self":[{"href":"https:\/\/teatterihirvenpaa.fi\/index.php?rest_route=\/wp\/v2\/pages\/29","targetHints":{"allow":["GET"]}}],"collection":[{"href":"https:\/\/teatterihirvenpaa.fi\/index.php?rest_route=\/wp\/v2\/pages"}],"about":[{"href":"https:\/\/teatterihirvenpaa.fi\/index.php?rest_route=\/wp\/v2\/types\/page"}],"author":[{"embeddable":true,"href":"https:\/\/teatterihirvenpaa.fi\/index.php?rest_route=\/wp\/v2\/users\/5"}],"replies":[{"embeddable":true,"href":"https:\/\/teatterihirvenpaa.fi\/index.php?rest_route=%2Fwp%2Fv2%2Fcomments&post=29"}],"version-history":[{"count":55,"href":"https:\/\/teatterihirvenpaa.fi\/index.php?rest_route=\/wp\/v2\/pages\/29\/revisions"}],"predecessor-version":[{"id":905,"href":"https:\/\/teatterihirvenpaa.fi\/index.php?rest_route=\/wp\/v2\/pages\/29\/revisions\/905"}],"wp:attachment":[{"href":"https:\/\/teatterihirvenpaa.fi\/index.php?rest_route=%2Fwp%2Fv2%2Fmedia&parent=29"}],"curies":[{"name":"wp","href":"https:\/\/api.w.org\/{rel}","templated":true}]}}